ainder when 372286 is divided by 46532.
30
What is the remainder when 2280201 is divided by 2082?
411
Calculate the remainder when 1216382 is divided by 513.
59
What is the remainder when 7014214 is divided by 63?
46
Calculate the remainder when 119956796 is divided by 44.
36
Calculate the remainder when 16349237 is divided by 30.
17
What is the remainder when 303415 is divided by 21?
7
Calculate the remainder when 9990427 is divided by 4130.
4087
What is the remainder when 329114 is divided by 977?
842
Calculate the remainder when 29262162 is divided by 108.
102
Calculate the remainder when 2015 is divided by 214.
89
Calculate the remainder when 40462963 is divided by 15.
13
What is the remainder when 36805903 is divided by 322?
15
Calculate the remainder when 41595 is divided by 585.
60
Calculate the remainder when 67755908 is divided by 67755907.
1
Calculate the remainder when 5306781 is divided by 742.
739
What is the remainder when 1426282 is divided by 53?
52
Calculate the remainder when 250118 is divided by 2101.
99
Calculate the remainder when 20784252 is divided by 629824.
60
Calculate the remainder when 6503613 is divided by 78.
51
Calculate the remainder when 7097179 is divided by 440.
419
Calculate the remainder when 82827 is divided by 4579.
405
What is the remainder when 1504147 is divided by 949?
931
Calculate the remainder when 109241486 is divided by 10924147.
16
What is the remainder when 155990 is divided by 257?
248
What is the remainder when 3063824 is divided by 52?
36
Calculate the remainder when 259370 is divided by 679.
671
Calculate the remainder when 4337129 is divided by 285.
284
What is the remainder when 3059479 is divided by 3893?
3474
What is the remainder when 73387648 is divided by 70?
68
Calculate the remainder when 18750 is divided by 17889.
861
Calculate the remainder when 536913 is divided by 10323.
117
Calculate the remainder when 2880307 is divided by 960095.
22
Calculate the remainder when 4532234 is divided by 29.
27
Calculate the remainder when 372286 is divided by 87.
13
Calculate the remainder when 13266638 is divided by 43784.
86
Calculate the remainder when 768532 is divided by 256156.
64
Calculate the remainder when 2317123 is divided by 375.
373
What is the remainder when 42728 is divided by 42598?
130
What is the remainder when 36638 is divided by 3532?
1318
What is the remainder when 490362 is divided by 533?
2
What is the remainder when 9156653 is divided by 5483?
43
Calculate the remainder when 22861 is divided by 1818.
1045
Calculate the remainder when 358917 is divided by 221.
13
What is the remainder when 15845460 is divided by 81?
78
Calculate the remainder when 128777 is divided by 62264.
4249
What is the remainder when 828301 is divided by 1190?
61
Calculate the remainder when 261774 is divided by 87206.
156
Calculate the remainder when 1621199 is divided by 540371.
86
Calculate the remainder when 23604 is divided by 2385.
2139
Calculate the remainder when 33537 is divided by 6275.
2162
Calculate the remainder when 1109684 is divided by 34.
26
What is the remainder when 2197599 is divided by 4309?
9
Calculate the remainder when 1383202 is divided by 739.
533
Calculate the remainder when 954112 is divided by 25781.
215
Calculate the remainder when 66698967 is divided by 10.
7
Calculate the remainder when 3054106 is divided by 30.
16
Calculate the remainder when 2144841 is divided by 3051.
3039
What is the remainder when 29980783 is divided by 23277?
7
Calculate the remainder when 392905 is divided by 82.
43
Calculate the remainder when 154832 is divided by 30923.
217
Calculate the remainder when 1041225 is divided by 1055.
995
What is the remainder when 4346323 is divided by 14?
9
Calculate the remainder when 32317095 is divided by 197.
33
What is the remainder when 27783746 is divided by 59?
56
Calculate the remainder when 443637397 is divided by 34.
25
Calculate the remainder when 133427 is divided by 66697.
33
What is the remainder when 139417 is divided by 1080?
97
Calculate the remainder when 27763706 is divided by 15.
11
Calculate the remainder when 7838624 is divided by 3143.
3125
What is the remainder when 645852 is divided by 215166?
354
Calculate the remainder when 1435843 is divided by 42.
31
Calculate the remainder when 118926 is divided by 2204.
2114
Calculate the remainder when 28014548 is divided by 414.
410
What is the remainder when 6659354 is divided by 951322?
100
Calculate the remainder when 2624250 is divided by 206.
16
Calculate the remainder when 812069 is divided by 42620.
2289
What is the remainder when 59346 is divided by 4905?
486
What is the remainder when 24814 is divided by 485?
79
What is the remainder when 670365 is divided by 5725?
540
What is the remainder when 17985930 is divided by 161?
137
What is the remainder when 601507567 is divided by 178?
177
Calculate the remainder when 71322 is divided by 2849.
97
Calculate the remainder when 102165288 is divided by 225.
213
What is the remainder when 295475 is divided by 1391?
583
Calculate the remainder when 15719 is divided by 1700.
419
What is the remainder when 5471281 is divided by 741?
478
Calculate the remainder when 16069799 is divided by 1806.
11
Calculate the remainder when 165973148 is divided by 142.
140
What is the remainder when 58961 is divided by 119?
56
Calculate the remainder when 57270 is divided by 7155.
30
What is the remainder when 634039 is divided by 316798?
443
What is the remainder when 1268793 is divided by 1055?
683
What is the remainder when 1600767 is divided by 943?
496
Calculate the remainder when 33769649 is divided by 2241.
20
What is the remainder when 110078249 is divided by 75?
74
Calculate the remainder when 572008 is divided by 664.
304
Calculate the remainder when 84359 is divided by 26331.
5366
Calculate the remainder when 574314 is divided by 120.
114
What is the remainder when 1626978 is divided by 325394?
8
Calculate the remainder when 151810190 is divided by 158.
156
Calculate the remainder when 1233237 is divided by 921.
18
What is the remainder when 4082889 is divided by 170120?
9
What is the remainder when 6573743 is divided by 365207?
17
What is the remainder when 7241803 is divided by 112?
107
What is the remainder when 64780 is divided by 64454?
326
Calculate the remainder when 4658679 is divided by 1552866.
81
What is the remainder when 984954 is divided by 387?
39
What is the remainder when 311987284 is divided by 738?
736
Calculate the remainder when 546095 is divided by 54586.
235
Calculate the remainder when 19497 is divided by 14897.
4600
What is the remainder when 2260500 is divided by 161460?
60
Calculate the remainder when 1692816152 is divided by 303.
299
What is the remainder when 396012971 is divided by 1634?
1633
What is the remainder when 23095384 is divided by 491391?
7
What is the remainder when 1274161 is divided by 7452?
7321
What is the remainder when 188439147 is divided by 30?
27
What is the remainder when 37232 is divided by 4349?
2440
Calculate the remainder when 216007 is divided by 2880.
7
Calculate the remainder when 172435 is divided by 3026.
2979
Calculate the remainder when 6128147 is divided by 253.
234
Calculate the remainder when 29091158 is divided by 1070.
1068
Calculate the remainder when 1404486 is divided by 49.
48
Calculate the remainder when 21973541 is divided by 493.
38
What is the remainder when 688256 is divided by 2549?
26
Calculate the remainder when 3574 is divided by 3139.
435
What is the remainder when 158449 is divided by 1731?
928
Calculate the remainder when 91574 is divided by 803.
32
Calculate the remainder when 2007262 is divided by 464.
462
Calculate the remainder when 686992 is divided by 311.
304
Calculate the remainder when 4968277 is divided by 232.
229
Calculate the remainder when 2410420 is divided by 400.
20
What is the remainder when 4094373 is divided by 572?
569
Calculate the remainder when 1870782 is divided by 31.
25
What is the remainder when 209533 is divided by 1416?
1381
What is the remainder when 333030 is divided by 83224?
134
Calculate the remainder when 546381 is divided by 1074.
789
Calculate the remainder when 24536984 is divided by 106.
104
What is the remainder when 22890670 